+ 475755. Give u(316).
175
Let n(k) = -1162*k - 12998. Determine n(-11).
-216
Let o(i) = 2460953*i - 12304779. Determine o(5).
-14
Let q(h) = -2*h**2 + 401*h - 15349. Give q(149).
-2
Let f(y) = 2716563*y + 8149691. Calculate f(-3).
2
Let z(g) = 4393*g - 79307. Give z(18).
-233
Let i(n) = 112*n**2 + 712*n + 255. Calculate i(-6).
15
Let c(t) = -8297*t + 6181274. Give c(745).
9
Let g(a) = 2*a**2 + 68*a + 243. Determine g(-31).
57
Let a(l) = 191*l - 55582. Give a(291).
-1
Let p(t) = -t**2 - 2954*t - 136639. Determine p(-47).
-10
Let a(d) = -d**3 - 6*d**2 - 65*d - 2149. Give a(-15).
851
Let w(f) = -128*f - 7076. Calculate w(-64).
1116
Let q(h) = 7475*h - 148912. Calculate q(20).
588
Let k(u) = -41*u**2 + 21*u - 5. Give k(-2).
-211
Let g(f) = f**2 + 3883*f + 34861. Calculate g(-9).
-5
Let r(y) = -y**3 + 42*y**2 + 308*y - 966. What is r(48)?
-6
Let k(a) = -67262*a - 2623113. Calculate k(-39).
105
Let k(r) = -104*r - 5269. What is k(-73)?
2323
Let j(b) = -49*b**2 - 23124*b + 1003. What is j(-472)?
-885
Let w(p) = -7724*p - 162209. Calculate w(-21).
-5
Let x(g) = g**3 + 106*g**2 - 397*g - 19803. Calculate x(-108).
-255
Let j(a) = 2*a**3 - 217*a**2 + 1711*a - 12. Give j(100).
1088
Let t(b) = -17*b**2 + 208*b + 116. What is t(13)?
-53
Let y(x) = -41*x**2 + 4*x - 9. Give y(-1).
-54
Let b(o) = -34*o**2 + 1318*o - 7365. What is b(32)?
-5
Let m(t) = -t**3 + 15*t**2 - 84*t + 638. Determine m(13).
-116
Let q(s) = -26898*s - 1264209. Calculate q(-47).
-3
Let l(x) = -2895*x - 60914. Calculate l(-21).
-119
Let p(m) = -782*m - 408. What is p(-1)?
374
Let d(b) = -b**3 + 18*b**2 - 287*b + 4590. Calculate d(17).
0
Let d(j) = j**2 + 2*j - 16952. Give d(147).
4951
Let j(x) = 445*x - 11854. Give j(28).
606
Let t(p) = -24509*p + 10293786. What is t(420)?
6
Let r(g) = -111*g**2 - 37747*g - 2488. Calculate r(-340).
-108
Let d(i) = 153383*i - 613534. Calculate d(4).
-2
Let v(i) = 5325*i + 122467. Calculate v(-23).
-8
Let j(k) = 313*k + 376. Determine j(3).
1315
Let q(g) = 5*g**2 + 38*g - 576. Determine q(8).
48
Let n(h) = 3*h**2 - 187*h - 9804. What is n(-34)?
22
Let y(l) = 22271*l + 2739336. Give y(-123).
3
Let j(k) = 4565*k + 27427. What is j(-6)?
37
Let q(u) = -u**3 - 256*u**2 + 1810*u + 62345. What is q(-262)?
-11
Let d(l) = 1111*l + 10227. Calculate d(-10).
-883
Let z(q) = -828*q + 11089. Calculate z(15).
-1331
Let x(o) = 3102*o - 28209. Determine x(8).
-3393
Let r(o) = 115*o**2 - 3082*o + 9253. What is r(3)?
1042
Let l(g) = 36*g - 1035. Determine l(40).
405
Let c(s) = -57*s**3 + 5013*s**2 + 257*s + 614. Determine c(88).
-2
Let o(b) = -b**2 - 226*b - 3553. Calculate o(-25).
1472
Let n(b) = -2*b**3 - 1687*b**2 + 8441*b - 12. Determine n(5).
-232
Let v(y) = 12*y**3 + 1562*y**2 + 235*y - 3274. What is v(-130)?
-24
Let j(p) = -607*p**3 - 10930*p**2 - 75*p - 44. Give j(-18).
10
Let y(s) = 16*s**2 - 353*s - 1667. Give y(-4).
1
Let a(c) = 47*c + 20829. What is a(-383)?
2828
Let w(i) = 23524*i + 282294. Give w(-12).
6
Let o(a) = 19*a**3 + 664*a**2 - 8*a + 267. Determine o(-35).
-678
Let o(k) = k**3 - 49*k**2 + 571*k - 33. What is o(19)?
-14
Let p(t) = 6363*t - 254029. Give p(40).
491
Let y(m) = 773883*m + 20120959. Give y(-26).
1
Let z(t) = -54*t**3 - 7566*t**2 - 859*t - 2666. Determine z(-140).
-6
Let x(u) = -148*u**2 + 60*u + 63. Determine x(-1).
-145
Let y(o) = -52*o**2 + 294*o - 1450. Determine y(5).
-1280
Let h(w) = 117408*w - 5283354. What is h(45)?
6
Let v(s) = -11*s**2 - 155*s - 258. What is v(-22)?
-2172
Let d(a) = -4122*a - 564722. What is d(-137)?
-8
Let n(k) = 63371*k - 823732. Determine n(13).
91
Let s(w) = 120*w + 14696. Calculate s(-122).
56
Let y(d) = 6*d**2 + 165*d + 1007. What is y(-30)?
1457
Let a(s) = 3*s**2 - 238*s + 4451. Calculate a(25).
376
Let q(m) = 191*m**2 - 8972*m - 254. Give q(47).
-19
Let u(o) = -13*o**2 + 74*o + 78. What is u(13)?
-1157
Let d(t) = 767*t - 57255. Calculate d(75).
270
Let u(o) = o**3 + 133*o**2 - 904*o - 197546. Give u(-128).
86
Let g(m) = -m**3 + 57*m**2 + 140*m + 2334. Calculate g(60).
-66
Let a(w) = 45369*w - 136079. Calculate a(3).
28
Let l(k) = 317940*k - 10809958. Determine l(34).
2
Let s(f) = -f**2 + 868*f - 19322. Determine s(22).
-710
Let a(i) = -23*i**2 + 81*i + 170. Give a(5).
0
Let f(o) = 1695*o + 134773. Give f(-79).
868
Let s(p) = 891*p - 351063. Give s(394).
-9
Let y(b) = -9*b**2 + 5*b + 1586. Calculate y(-22).
-2880
Let p(w) = 54*w**3 + 2*w**2 + 17*w - 71. Give p(4).
3485
Let p(z) = 105793*z + 423553. Determine p(-4).
381
Let b(k) = -34*k**2 + 440*k - 4071. What is b(9)?
-2865
Let v(l) = 18*l**3 - 720*l**2 - 770*l - 51. Give v(-1).
-19
Let y(i) = -10*i**3 - 127*i**2 + 158*i + 2947. What is y(-12)?
43
Let c(s) = 110*s**2 + 24187*s - 2845. Give c(-220).
15
Let d(g) = 9*g**3 + 814*g**2 + 1163*g + 549. What is d(-89)?
15
Let y(o) = -2*o**2 - 456*o - 3075. Give y(-221).
19
Let q(w) = -67*w**2 - 2407*w + 57. Determine q(-36).
-123
Let d(l) = 41*l**2 + 606*l - 530. Calculate d(-15).
-395
Let z(w) = 2*w**2 - 2026*w - 79793. Give z(-38).
83
Let f(g) = -17*g**2 + 9991*g + 84037. Determine f(596).
1
Let j(s) = -9*s**2 + 634*s + 65. Determine j(69).
962
Let t(o) = -87*o**2 - 422*o + 27. Determine t(-5).
-38
Let h(p) = -p**3 + 5*p**2 - 689*p + 4921. Give h(7).
0
Let u(p) = -887103*p + 4435521. Determine u(5).
6
Let v(s) = -955*s - 357414. Calculate v(-374).
-244
Let o(a) = -22*a + 3006. Determine o(76).
1334
Let s(q) = -159545*q + 1116428. Determine s(7).
-387
Let j(w) = 18*w**2 - 13498*w + 39070. What is j(747)?
226
Let b(i) = 2*i**2 - 848*i - 3388. Give b(-4).
36
Let p(h) = -854*h - 432974. Determine p(-507).
4
Let f(l) = l**2 - 682*l + 106. Calculate f(0).
106
Let l(w) = -89*w**2 - 70*w - 8. Calculate l(-1).
-27
Let k(a) = -586*a**2 + 1242*a + 1243. Give k(-1).
-585
Let x(k) = 3*k**2 + 2548*k - 56. Calculate x(0).
-56
Let l(q) = -286*q + 34877. What is l(122)?
-15
Let m(d) = -832769*d - 12491531. What is m(-15)?
4
Let j(q) = 28*q**2 - 10832*q - 45360. Calculate j(391).
-4
Let h(r) = 8*r**2 + 90705*r - 362962. What is h(4)?
-14
Let l(m) = 496*m - 7539. Calculate l(15).
-99
Let u(r) = -r**2 + 1344*r + 139779. Give u(-97).
2
Let t(q) = -23*q**3 + 103*q**2 + 227*q - 169. What is t(6)?
-67
Let x(j) = -2*j**3 - 1478*j**2 + 1502*j + 16312. Give x(-740).
32
Let o(s) = -410537*s + 2052703. What is o(5)?
18
Let d(c) = c**3 - 399*c**2 - 2068*c - 14. What is d(-5)?
226
Let y(s) = -s**3 + 66*s**2 - 188*s + 18249. Give y(67).
1164
Let q(y) = -2*y**3 + 91*y**2 - 977*y + 784. What is q(16)?
256
Let u(j) = 1317*j - 69345. Calculate u(53).
456
Let i(z) = 4728*z - 52096. Determine i(11).
-88
Let g(m) = -9477*m - 123190. Give g(-13).
11
Let d(x) = -7*x**2 - 133*x + 389. What is d(-19)?
389
Let s(d) = 67*d**2 + 1053*d - 5739. Give s(5).
1201
Let i(p) = -106*p**2 + 308*p + 12. What is i(3)?
-18
Let u(q) = -1997*q + 4197. Give u(2).
203
Let j(v) = -v**2 - 653*v - 100469. Determine j(-250).
281
Let v(a) = -33418*a + 177. What is v(0)?
177
Let w(f) = -2*f**3 - 34*f**2 + 1218*f + 20005. What is w(-16)?
5
Let v(k) = 303843*k + 20965182. Give v(-69).
15
Let j(x) = -170*x**3 + 18*x**2 - 123*x + 110. Calculate j(1).
-165
Let d(b) = -2*b**3 - 28*b**2 + 63*b + 98. What is d(-15)?
-397
Let y(a) = 200*a + 5553. Give y(-30).
-447
Let u(t) = -287751*t - 5467247. Calculate u(-19).
22
Let z(k) = -148*k - 1811. What is z(-13)?
113
Let u(y) = -y**2 + 304*y - 1570. Give u(289).
2765
Let m(x) = 656681*x - 1970055. Give m(3).
-12
Let d(g) = 176*g - 3217. What is d(25)?
1183
Let a(d) = -2*d**2 - 431*d - 16551. Determine a(-50).
-1
Let l(q) = -1321*q + 217980. Give l(165).
15
Let j(d) = -59913*d + 239648. What is j(4)?
-4
Let k(t) = -t**2 - 105*t - 2182. What is k(-50)?
568
Let z(p) = 333*p + 8557. Calculate z(-32).
-2099
Let z(n) = n**3 + 370*n**2 + 260*n - 40198. Give z(-369).
23
Let m(g) = 6*g**2 + 348*g + 177. Calculate m(-58).
177
Let h(t) = -t**3 - 9*t**2 + 7*t + 76. Determine h(-7).
-71
Let g(p) = -p**3 - 252*p**2 + 428*p - 20392. Calculate g(-254).
-72
Let j(l) = -1027*l**2 + 6160*l - 26. What is j(6)?
-38
Let f(q) = -4*q**2 - 96*q + 7980. What is f(34)?
92
Let a(j) = -4642*j - 37563. Determine a(-8).
-427
Let l(d) = -69*d**2 - 6118*d - 4047. What is l(-88)?
1
Let u(j) = -4*j**3 - 2*j**2 - 302*j + 2573. Give u(8).
-2019
Let x(m) = 519*m**2 + 508*m + 4. Wha